{"id":58,"date":"2017-01-26T17:17:11","date_gmt":"2017-01-26T16:17:11","guid":{"rendered":"http:\/\/joannafijalkowska.pl\/?page_id=58"},"modified":"2017-01-29T16:35:50","modified_gmt":"2017-01-29T15:35:50","slug":"sekcja-strony-glownej","status":"publish","type":"page","link":"https:\/\/joanna-fijalkowska.pl\/?page_id=58","title":{"rendered":"Malarstwo"},"content":{"rendered":"<h2><a href=\"http:\/\/joanna-fijalkowska.pl\/?page_id=105\"><strong>Pomi\u0119dzy zmys\u0142owo\u015bci\u0105 a duchowo\u015bci\u0105<\/strong><\/a><\/h2>\n<p>Cykl prac malarskich dotyczy relacji mi\u0119dzy dwoma \u015bwiatami zmys\u0142owym i duchowym. Istniej\u0105 one r\u00f3wnolegle obok siebie i wzajemnie si\u0119 przenikaj\u0105. \u015awiat zmys\u0142\u00f3w w moich pracach odnosi si\u0119 do postaci kobiecej, uosobienia cielesno\u015bci, wszystkiego co ziemskie i materialne. Posta\u0107 potraktowana jest w spos\u00f3b szkicowy i umowny. Wyst\u0119puje cz\u0119sto w formie zarysu. Nie odgrywa wi\u0119c w obrazie roli dominuj\u0105cej, lecz harmonijnie wtapia si\u0119 w otaczaj\u0105c\u0105 przestrze\u0144, kt\u00f3r\u0105 stanowi byt r\u00f3wnoleg\u0142y dotycz\u0105cy sfery ducha. Przestrze\u0144 obrazu nie jest dok\u0142adnie okre\u015blona. Stanowi zjawisko irracjonalne, nie znajduje swojego odniesienia w rzeczywisto\u015bci. Czasem przypomina rozleg\u0142y, nieokre\u015blony pejza\u017c, kt\u00f3rego jednak nie odnajdujemy w realnym \u015bwiecie. Budowana jest z kilku, przenikaj\u0105cych si\u0119 warstw koloru, kt\u00f3ry nak\u0142adany metod\u0105 laserunku wydobywa kolejne warto\u015bci obrazu.\u00a0 W przestrzeni tej formy p\u0142ynne, nieograniczone w swym zarysie spotykaj\u0105 si\u0119 z kszta\u0142tami geometrycznymi (prostok\u0105t, ko\u0142o), kt\u00f3re \u017cyj\u0105 w\u0142asnym \u017cyciem.<\/p>\n<p>W obrazach szczeg\u00f3ln\u0105 rol\u0119 odgrywa kolor. Posiada on w\u0142a\u015bciwo\u015bci odrealniaj\u0105ce. Zestawiany jest na zasadzie kontrast\u00f3w barw jasnych i ciemnych oraz ciep\u0142ych i zimnych. \u015awietlisto\u015b\u0107 koloru podkre\u015blana jest przez \u015bwiat\u0142o, kt\u00f3re wydobywa si\u0119 z wn\u0119trza obrazu, nie pe\u0142ni tutaj roli o\u015bwietlaj\u0105cej. Kolor ma spe\u0142nia\u0107 w obrazie rol\u0119 emocjonaln\u0105, ma wp\u0142ywa\u0107 na dusz\u0119, dociera\u0107 do jej najg\u0142\u0119bszych warstw.<\/p>\n<p>&nbsp;<\/p>\n<p><a href=\"http:\/\/joanna-fijalkowska.pl\/?page_id=105\"><img loading=\"lazy\" decoding=\"async\" class=\"aligncenter wp-image-46 size-medium\" src=\"http:\/\/joanna-fijalkowska.pl\/wp-content\/uploads\/2017\/01\/nr014_130x110-300x254.jpg\" width=\"300\" height=\"254\" srcset=\"https:\/\/joanna-fijalkowska.pl\/wp-content\/uploads\/2017\/01\/nr014_130x110-300x254.jpg 300w, https:\/\/joanna-fijalkowska.pl\/wp-content\/uploads\/2017\/01\/nr014_130x110-768x651.jpg 768w, https:\/\/joanna-fijalkowska.pl\/wp-content\/uploads\/2017\/01\/nr014_130x110-1024x868.jpg 1024w\" sizes=\"auto, (max-width: 300px) 100vw, 300px\" \/><\/a><\/p>\n<p>&nbsp;<\/p>\n<h2><strong><a href=\"http:\/\/joanna-fijalkowska.pl\/?page_id=116\">Horyzonty zas\u0142yszane<\/a><\/strong><\/h2>\n<p>Horyzont, to niezwyk\u0142e miejsce, \u0142\u0105cz\u0105ce niebo i ziemi\u0119, sfer\u0119 duchow\u0105, ulotn\u0105 z fizyczn\u0105 i namacaln\u0105. Prosta kompozycja prac ma za zadanie uwypukli\u0107 ogrom otaczaj\u0105cej nas przestrzeni. S\u0105 to miejsca bez granic i okre\u015blonych ram. Czas tu nie istnieje, nie ma wi\u0119kszego znaczenia. Wszystko jest umowne, zawieszone w irracjonalnej przestrzeni koloru.<\/p>\n<p><em>Horyzonty zas\u0142yszane<\/em>, to miejsca, w kt\u00f3rych kiedy\u015b si\u0119 by\u0142o, jest si\u0119 obecnie lub b\u0119dzie w przysz\u0142o\u015bci&#8230; Tylko czy one w og\u00f3le istniej\u0105? Mo\u017ce tylko o nich gdzie\u015b s\u0142yszeli\u015bmy.<\/p>\n<p>&nbsp;<\/p>\n<p><a href=\"http:\/\/joanna-fijalkowska.pl\/?page_id=116\"><img loading=\"lazy\" decoding=\"async\" class=\"aligncenter wp-image-122 size-medium\" src=\"http:\/\/joanna-fijalkowska.pl\/wp-content\/uploads\/2017\/01\/horyz-06-300x245.jpg\" width=\"300\" height=\"245\" srcset=\"https:\/\/joanna-fijalkowska.pl\/wp-content\/uploads\/2017\/01\/horyz-06-300x245.jpg 300w, https:\/\/joanna-fijalkowska.pl\/wp-content\/uploads\/2017\/01\/horyz-06-768x627.jpg 768w, https:\/\/joanna-fijalkowska.pl\/wp-content\/uploads\/2017\/01\/horyz-06-1024x836.jpg 1024w, https:\/\/joanna-fijalkowska.pl\/wp-content\/uploads\/2017\/01\/horyz-06.jpg 1254w\" sizes=\"auto, (max-width: 300px) 100vw, 300px\" \/><\/a><\/p>\n","protected":false},"excerpt":{"rendered":"<p>Pomi\u0119dzy zmys\u0142owo\u015bci\u0105 a duchowo\u015bci\u0105 Cykl prac malarskich dotyczy relacji mi\u0119dzy dwoma \u015bwiatami zmys\u0142owym i duchowym. Istniej\u0105 one r\u00f3wnolegle obok siebie i wzajemnie si\u0119 przenikaj\u0105. \u015awiat zmys\u0142\u00f3w w moich pracach odnosi si\u0119 do postaci kobiecej, uosobienia cielesno\u015bci, wszystkiego co ziemskie i materialne. Posta\u0107 potraktowana jest w spos\u00f3b szkicowy i umowny. Wyst\u0119puje cz\u0119sto w formie zarysu. Nie &hellip; <\/p>\n<p class=\"link-more\"><a href=\"https:\/\/joanna-fijalkowska.pl\/?page_id=58\" class=\"more-link\">Czytaj dalej<span class=\"screen-reader-text\"> \u201eMalarstwo\u201d<\/span><\/a><\/p>\n","protected":false},"author":1,"featured_media":50,"parent":0,"menu_order":2,"comment_status":"closed","ping_status":"closed","template":"","meta":{"footnotes":""},"class_list":["post-58","page","type-page","status-publish","has-post-thumbnail","hentry"],"_links":{"self":[{"href":"https:\/\/joanna-fijalkowska.pl\/index.php?rest_route=\/wp\/v2\/pages\/58","targetHints":{"allow":["GET"]}}],"collection":[{"href":"https:\/\/joanna-fijalkowska.pl\/index.php?rest_route=\/wp\/v2\/pages"}],"about":[{"href":"https:\/\/joanna-fijalkowska.pl\/index.php?rest_route=\/wp\/v2\/types\/page"}],"author":[{"embeddable":true,"href":"https:\/\/joanna-fijalkowska.pl\/index.php?rest_route=\/wp\/v2\/users\/1"}],"replies":[{"embeddable":true,"href":"https:\/\/joanna-fijalkowska.pl\/index.php?rest_route=%2Fwp%2Fv2%2Fcomments&post=58"}],"version-history":[{"count":27,"href":"https:\/\/joanna-fijalkowska.pl\/index.php?rest_route=\/wp\/v2\/pages\/58\/revisions"}],"predecessor-version":[{"id":187,"href":"https:\/\/joanna-fijalkowska.pl\/index.php?rest_route=\/wp\/v2\/pages\/58\/revisions\/187"}],"wp:featuredmedia":[{"embeddable":true,"href":"https:\/\/joanna-fijalkowska.pl\/index.php?rest_route=\/wp\/v2\/media\/50"}],"wp:attachment":[{"href":"https:\/\/joanna-fijalkowska.pl\/index.php?rest_route=%2Fwp%2Fv2%2Fmedia&parent=58"}],"curies":[{"name":"wp","href":"https:\/\/api.w.org\/{rel}","templated":true}]}}

<h2><a href="http://joanna-fijalkowska.pl/?page_id=105"><strong>Pomiędzy zmysłowością a duchowością</strong></a></h2>
<p>Cykl prac malarskich dotyczy relacji między dwoma światami zmysłowym i duchowym. Istnieją one równolegle obok siebie i wzajemnie się przenikają. Świat zmysłów w moich pracach odnosi się do postaci kobiecej, uosobienia cielesności, wszystkiego co ziemskie i materialne. Postać potraktowana jest w sposób szkicowy i umowny. Występuje często w formie zarysu. Nie odgrywa więc w obrazie roli dominującej, lecz harmonijnie wtapia się w otaczającą przestrzeń, którą stanowi byt równoległy dotyczący sfery ducha. Przestrzeń obrazu nie jest dokładnie określona. Stanowi zjawisko irracjonalne, nie znajduje swojego odniesienia w rzeczywistości. Czasem przypomina rozległy, nieokreślony pejzaż, którego jednak nie odnajdujemy w realnym świecie. Budowana jest z kilku, przenikających się warstw koloru, który nakładany metodą laserunku wydobywa kolejne wartości obrazu.  W przestrzeni tej formy płynne, nieograniczone w swym zarysie spotykają się z kształtami geometrycznymi (prostokąt, koło), które żyją własnym życiem.</p>
<p>W obrazach szczególną rolę odgrywa kolor. Posiada on właściwości odrealniające. Zestawiany jest na zasadzie kontrastów barw jasnych i ciemnych oraz ciepłych i zimnych. Świetlistość koloru podkreślana jest przez światło, które wydobywa się z wnętrza obrazu, nie pełni tutaj roli oświetlającej. Kolor ma spełniać w obrazie rolę emocjonalną, ma wpływać na duszę, docierać do jej najgłębszych warstw.</p>
<p>&nbsp;</p>
<p><a href="http://joanna-fijalkowska.pl/?page_id=105"><img loading="lazy" decoding="async" class="aligncenter wp-image-46 size-medium" src="http://joanna-fijalkowska.pl/wp-content/uploads/2017/01/nr014_130x110-300x254.jpg" width="300" height="254" srcset="https://joanna-fijalkowska.pl/wp-content/uploads/2017/01/nr014_130x110-300x254.jpg 300w, https://joanna-fijalkowska.pl/wp-content/uploads/2017/01/nr014_130x110-768x651.jpg 768w, https://joanna-fijalkowska.pl/wp-content/uploads/2017/01/nr014_130x110-1024x868.jpg 1024w" sizes="auto, (max-width: 300px) 100vw, 300px" /></a></p>
<p>&nbsp;</p>
<h2><strong><a href="http://joanna-fijalkowska.pl/?page_id=116">Horyzonty zasłyszane</a></strong></h2>
<p>Horyzont, to niezwykłe miejsce, łączące niebo i ziemię, sferę duchową, ulotną z fizyczną i namacalną. Prosta kompozycja prac ma za zadanie uwypuklić ogrom otaczającej nas przestrzeni. Są to miejsca bez granic i określonych ram. Czas tu nie istnieje, nie ma większego znaczenia. Wszystko jest umowne, zawieszone w irracjonalnej przestrzeni koloru.</p>
<p><em>Horyzonty zasłyszane</em>, to miejsca, w których kiedyś się było, jest się obecnie lub będzie w przyszłości&#8230; Tylko czy one w ogóle istnieją? Może tylko o nich gdzieś słyszeliśmy.</p>
<p>&nbsp;</p>
<p><a href="http://joanna-fijalkowska.pl/?page_id=116"><img loading="lazy" decoding="async" class="aligncenter wp-image-122 size-medium" src="http://joanna-fijalkowska.pl/wp-content/uploads/2017/01/horyz-06-300x245.jpg" width="300" height="245" srcset="https://joanna-fijalkowska.pl/wp-content/uploads/2017/01/horyz-06-300x245.jpg 300w, https://joanna-fijalkowska.pl/wp-content/uploads/2017/01/horyz-06-768x627.jpg 768w, https://joanna-fijalkowska.pl/wp-content/uploads/2017/01/horyz-06-1024x836.jpg 1024w, https://joanna-fijalkowska.pl/wp-content/uploads/2017/01/horyz-06.jpg 1254w" sizes="auto, (max-width: 300px) 100vw, 300px" /></a></p>

<p>Pomiędzy zmysłowością a duchowością Cykl prac malarskich dotyczy relacji między dwoma światami zmysłowym i duchowym. Istnieją one równolegle obok siebie i wzajemnie się przenikają. Świat zmysłów w moich pracach odnosi się do postaci kobiecej, uosobienia cielesności, wszystkiego co ziemskie i materialne. Postać potraktowana jest w sposób szkicowy i umowny. Występuje często w formie zarysu. Nie &hellip; </p>
<p class="link-more"><a href="https://joanna-fijalkowska.pl/?page_id=58" class="more-link">Czytaj dalej<span class="screen-reader-text"> „Malarstwo”</span></a></p>
